[INFO] fetching crate wt_custom_lang 1.1.0...
[INFO] checking wt_custom_lang-1.1.0 against master#e6e4f7ed1589e03bc2f6c5931c1a72e7947e8682 for beta-170-4
[INFO] extracting crate wt_custom_lang 1.1.0 into /workspace/builds/worker-7-tc2/source
[INFO] validating manifest of crates.io crate wt_custom_lang 1.1.0 on toolchain e6e4f7ed1589e03bc2f6c5931c1a72e7947e8682
[INFO] running `Command { std: CARGO_HOME="/workspace/cargo-home" RUSTUP_HOME="/workspace/rustup-home" "/workspace/cargo-home/bin/cargo" "+e6e4f7ed1589e03bc2f6c5931c1a72e7947e8682" "metadata" "--manifest-path" "Cargo.toml" "--no-deps", kill_on_drop: false }`
[INFO] started tweaking crates.io crate wt_custom_lang 1.1.0
[INFO] finished tweaking crates.io crate wt_custom_lang 1.1.0
[INFO] tweaked toml for crates.io crate wt_custom_lang 1.1.0 written to /workspace/builds/worker-7-tc2/source/Cargo.toml
[INFO] crate crates.io crate wt_custom_lang 1.1.0 already has a lockfile, it will not be regenerated
[INFO] running `Command { std: CARGO_HOME="/workspace/cargo-home" RUSTUP_HOME="/workspace/rustup-home" "/workspace/cargo-home/bin/cargo" "+e6e4f7ed1589e03bc2f6c5931c1a72e7947e8682" "fetch" "--manifest-path" "Cargo.toml", kill_on_drop: false }`
[INFO] running `Command { std: "docker" "create" "-v" "/var/lib/crater-agent-workspace/builds/worker-7-tc2/target:/opt/rustwide/target:rw,Z" "-v" "/var/lib/crater-agent-workspace/builds/worker-7-tc2/source:/opt/rustwide/workdir:ro,Z" "-v" "/var/lib/crater-agent-workspace/cargo-home:/opt/rustwide/cargo-home:ro,Z" "-v" "/var/lib/crater-agent-workspace/rustup-home:/opt/rustwide/rustup-home:ro,Z" "-e" "SOURCE_DIR=/opt/rustwide/workdir" "-e" "CARGO_TARGET_DIR=/opt/rustwide/target" "-e" "CARGO_HOME=/opt/rustwide/cargo-home" "-e" "RUSTUP_HOME=/opt/rustwide/rustup-home" "-w" "/opt/rustwide/workdir" "-m" "1610612736" "--user" "0:0" "--network" "none" "ghcr.io/rust-lang/crates-build-env/linux@sha256:19e73879b68f455e41552ea35293514db52ea292d993f571636dbffedb77a1ee" "/opt/rustwide/cargo-home/bin/cargo" "+e6e4f7ed1589e03bc2f6c5931c1a72e7947e8682" "metadata" "--no-deps" "--format-version=1", kill_on_drop: false }`
[INFO] [stdout] 597d6b3dbaa0a5e7784cf828f855ed63e566dcbec685a8daec3cb4ae4b3997ee
[INFO] running `Command { std: "docker" "start" "-a" "597d6b3dbaa0a5e7784cf828f855ed63e566dcbec685a8daec3cb4ae4b3997ee", kill_on_drop: false }`
[INFO] running `Command { std: "docker" "inspect" "597d6b3dbaa0a5e7784cf828f855ed63e566dcbec685a8daec3cb4ae4b3997ee", kill_on_drop: false }`
[INFO] running `Command { std: "docker" "rm" "-f" "597d6b3dbaa0a5e7784cf828f855ed63e566dcbec685a8daec3cb4ae4b3997ee", kill_on_drop: false }`
[INFO] [stdout] 597d6b3dbaa0a5e7784cf828f855ed63e566dcbec685a8daec3cb4ae4b3997ee
[INFO] running `Command { std: "docker" "create" "-v" "/var/lib/crater-agent-workspace/builds/worker-7-tc2/target:/opt/rustwide/target:rw,Z" "-v" "/var/lib/crater-agent-workspace/builds/worker-7-tc2/source:/opt/rustwide/workdir:ro,Z" "-v" "/var/lib/crater-agent-workspace/cargo-home:/opt/rustwide/cargo-home:ro,Z" "-v" "/var/lib/crater-agent-workspace/rustup-home:/opt/rustwide/rustup-home:ro,Z" "-e" "SOURCE_DIR=/opt/rustwide/workdir" "-e" "CARGO_TARGET_DIR=/opt/rustwide/target" "-e" "CARGO_INCREMENTAL=0" "-e" "RUST_BACKTRACE=full" "-e" "RUSTFLAGS=--cap-lints=forbid" "-e" "RUSTDOCFLAGS=--cap-lints=forbid" "-e" "CARGO_HOME=/opt/rustwide/cargo-home" "-e" "RUSTUP_HOME=/opt/rustwide/rustup-home" "-w" "/opt/rustwide/workdir" "-m" "1610612736" "--user" "0:0" "--network" "none" "ghcr.io/rust-lang/crates-build-env/linux@sha256:19e73879b68f455e41552ea35293514db52ea292d993f571636dbffedb77a1ee" "/opt/rustwide/cargo-home/bin/cargo" "+e6e4f7ed1589e03bc2f6c5931c1a72e7947e8682" "check" "--frozen" "--all" "--all-targets" "--message-format=json", kill_on_drop: false }`
[INFO] [stdout] 9cafaf724ee4b061080648cccaf6e04ec0e5de4213510b7990ddf129e87b796f
[INFO] running `Command { std: "docker" "start" "-a" "9cafaf724ee4b061080648cccaf6e04ec0e5de4213510b7990ddf129e87b796f", kill_on_drop: false }`
[INFO] [stderr]    Compiling libc v0.2.113
[INFO] [stderr]    Compiling pkg-config v0.3.24
[INFO] [stderr]     Checking cfg-if v1.0.0
[INFO] [stderr]    Compiling serde v1.0.135
[INFO] [stderr]    Compiling smallvec v1.8.0
[INFO] [stderr]    Compiling version-compare v0.1.0
[INFO] [stderr]     Checking lazy_static v1.4.0
[INFO] [stderr]    Compiling syn v1.0.86
[INFO] [stderr]    Compiling xml-rs v0.8.4
[INFO] [stderr]    Compiling memchr v2.4.1
[INFO] [stderr]    Compiling memoffset v0.6.5
[INFO] [stderr]     Checking once_cell v1.9.0
[INFO] [stderr]     Checking bitflags v1.3.2
[INFO] [stderr]    Compiling log v0.4.14
[INFO] [stderr]     Checking scoped-tls v1.0.0
[INFO] [stderr]    Compiling khronos_api v3.1.0
[INFO] [stderr]     Checking libloading v0.7.3
[INFO] [stderr]    Compiling nom v7.1.0
[INFO] [stderr]     Checking scopeguard v1.1.0
[INFO] [stderr]     Checking dlib v0.5.0
[INFO] [stderr]     Checking downcast-rs v1.2.0
[INFO] [stderr]     Checking minimal-lexical v0.2.1
[INFO] [stderr]    Compiling cfg-expr v0.9.0
[INFO] [stderr]    Compiling serde_derive v1.0.135
[INFO] [stderr]    Compiling futures-core v0.3.19
[INFO] [stderr]    Compiling parking_lot_core v0.8.5
[INFO] [stderr]     Checking instant v0.1.12
[INFO] [stderr]    Compiling ahash v0.7.6
[INFO] [stderr]     Checking ttf-parser v0.14.0
[INFO] [stderr]    Compiling crossbeam-utils v0.8.6
[INFO] [stderr]     Checking cty v0.2.2
[INFO] [stderr]    Compiling wayland-sys v0.29.4
[INFO] [stderr]    Compiling smithay-client-toolkit v0.15.3
[INFO] [stderr]    Compiling wayland-scanner v0.29.4
[INFO] [stderr]    Compiling gl_generator v0.14.0
[INFO] [stderr]    Compiling x11-dl v2.19.1
[INFO] [stderr]     Checking raw-window-handle v0.4.2
[INFO] [stderr]    Compiling quick-xml v0.22.0
[INFO] [stderr]     Checking lock_api v0.4.5
[INFO] [stderr]    Compiling futures-channel v0.3.19
[INFO] [stderr]     Checking pin-project-lite v0.2.8
[INFO] [stderr]     Checking ab_glyph_rasterizer v0.1.5
[INFO] [stderr]     Checking futures-io v0.3.19
[INFO] [stderr]    Compiling winit v0.26.1
[INFO] [stderr]    Compiling futures-task v0.3.19
[INFO] [stderr]    Compiling futures-util v0.3.19
[INFO] [stderr]     Checking emath v0.16.0
[INFO] [stderr]    Compiling crossbeam-epoch v0.9.6
[INFO] [stderr]     Checking nohash-hasher v0.2.0
[INFO] [stderr]     Checking percent-encoding v2.1.0
[INFO] [stderr]     Checking futures-sink v0.3.19
[INFO] [stderr]     Checking slab v0.4.5
[INFO] [stderr]     Checking atomic_refcell v0.1.8
[INFO] [stderr]    Compiling cc v1.0.72
[INFO] [stderr]    Compiling miniz_oxide v0.4.4
[INFO] [stderr]     Checking cfg-if v0.1.10
[INFO] [stderr]     Checking gimli v0.26.1
[INFO] [stderr]    Compiling rayon-core v1.9.1
[INFO] [stderr]     Checking pin-utils v0.1.0
[INFO] [stderr]     Checking adler v1.0.2
[INFO] [stderr]     Checking object v0.27.1
[INFO] [stderr]    Compiling num-traits v0.2.14
[INFO] [stderr]     Checking cache-padded v1.2.0
[INFO] [stderr]    Compiling xcb v0.10.1
[INFO] [stderr]     Checking waker-fn v1.1.0
[INFO] [stderr]     Checking parking v2.0.0
[INFO] [stderr]    Compiling glutin_egl_sys v0.1.5
[INFO] [stderr]    Compiling glutin_glx_sys v0.1.7
[INFO] [stderr]    Compiling glium v0.31.0
[INFO] [stderr]     Checking rustc-demangle v0.1.21
[INFO] [stderr]    Compiling nix v0.17.0
[INFO] [stderr]     Checking nix v0.22.0
[INFO] [stderr]     Checking memmap2 v0.3.1
[INFO] [stderr]     Checking getrandom v0.2.4
[INFO] [stderr]     Checking owned_ttf_parser v0.14.0
[INFO] [stderr]     Checking parking_lot v0.11.2
[INFO] [stderr]     Checking ab_glyph v0.2.13
[INFO] [stderr]    Compiling wayland-client v0.29.4
[INFO] [stderr]    Compiling wayland-protocols v0.29.4
[INFO] [stderr]     Checking xcursor v0.3.4
[INFO] [stderr]     Checking mio v0.8.0
[INFO] [stderr]     Checking epaint v0.16.0
[INFO] [stderr]     Checking shared_library v0.1.9
[INFO] [stderr]     Checking osmesa-sys v0.1.2
[INFO] [stderr]     Checking dirs-sys v0.3.6
[INFO] [stderr]     Checking socket2 v0.4.3
[INFO] [stderr]    Compiling backtrace v0.3.63
[INFO] [stderr]     Checking fastrand v1.7.0
[INFO] [stderr]    Compiling typenum v1.15.0
[INFO] [stderr]     Checking futures-lite v1.12.0
[INFO] [stderr]     Checking polling v2.2.0
[INFO] [stderr]     Checking egui v0.16.1
[INFO] [stderr]     Checking num_cpus v1.13.1
[INFO] [stderr]     Checking crossbeam-deque v0.8.1
[INFO] [stderr]     Checking concurrent-queue v1.2.2
[INFO] [stderr]     Checking crossbeam-channel v0.5.2
[INFO] [stderr]    Compiling num-integer v0.1.44
[INFO] [stderr]    Compiling rayon v1.5.1
[INFO] [stderr]    Compiling generic-array v0.14.5
[INFO] [stderr]     Checking static_assertions v1.1.0
[INFO] [stderr]     Checking fnv v1.0.7
[INFO] [stderr]     Checking byteorder v1.4.3
[INFO] [stderr]     Checking void v1.0.2
[INFO] [stderr]     Checking takeable-option v0.5.0
[INFO] [stderr]     Checking webbrowser v0.5.5
[INFO] [stderr]    Compiling execute-command-tokens v0.1.4
[INFO] [stderr]     Checking nb-connect v1.2.0
[INFO] [stderr]     Checking regex-automata v0.1.10
[INFO] [stderr]     Checking async-io v1.6.0
[INFO] [stderr]     Checking either v1.6.1
[INFO] [stderr]    Compiling sysinfo v0.22.5
[INFO] [stderr]     Checking addr2line v0.17.0
[INFO] [stderr]     Checking ryu v1.0.9
[INFO] [stderr]    Compiling rfd v0.6.4
[INFO] [stderr]    Compiling serde_json v1.0.78
[INFO] [stderr]     Checking directories v4.0.1
[INFO] [stderr]     Checking directories v2.0.2
[INFO] [stderr]     Checking time v0.1.44
[INFO] [stderr]     Checking aho-corasick v0.7.18
[INFO] [stderr]     Checking csv-core v0.1.10
[INFO] [stderr]     Checking itoa v0.4.8
[INFO] [stderr]    Compiling toml v0.5.8
[INFO] [stderr]     Checking itoa v1.0.1
[INFO] [stderr]     Checking regex-syntax v0.6.25
[INFO] [stderr]     Checking duckstore v2.1.0
[INFO] [stderr]     Checking fs_extra v1.2.0
[INFO] [stderr]     Checking chrono v0.4.19
[INFO] [stderr]     Checking epi v0.16.0
[INFO] [stderr]     Checking wayland-commons v0.29.4
[INFO] [stderr]     Checking calloop v0.9.3
[INFO] [stderr]    Compiling system-deps v6.0.0
[INFO] [stderr]    Compiling proc-macro-crate v0.1.5
[INFO] [stderr]    Compiling thiserror-impl v1.0.30
[INFO] [stderr]    Compiling futures-macro v0.3.19
[INFO] [stderr]    Compiling enumflags2_derive v0.6.4
[INFO] [stderr]    Compiling derivative v2.2.0
[INFO] [stderr]    Compiling serde_repr v0.1.7
[INFO] [stderr]    Compiling execute-command-macro-impl v0.1.6
[INFO] [stderr]    Compiling zbus_macros v1.9.1
[INFO] [stderr]     Checking x11-clipboard v0.5.3
[INFO] [stderr]    Compiling glib-sys v0.15.1
[INFO] [stderr]    Compiling gobject-sys v0.15.1
[INFO] [stderr]    Compiling atk-sys v0.15.1
[INFO] [stderr]    Compiling gdk-sys v0.15.1
[INFO] [stderr]    Compiling gio-sys v0.15.1
[INFO] [stderr]    Compiling gdk-pixbuf-sys v0.15.1
[INFO] [stderr]    Compiling pango-sys v0.15.1
[INFO] [stderr]    Compiling cairo-sys-rs v0.15.1
[INFO] [stderr]    Compiling gtk-sys v0.15.1
[INFO] [stderr]     Checking execute-command-macro v0.1.6
[INFO] [stderr]     Checking execute v0.2.9
[INFO] [stderr]     Checking wayland-cursor v0.29.4
[INFO] [stderr]     Checking wayland-egl v0.29.4
[INFO] [stderr]     Checking regex v1.5.4
[INFO] [stderr]    Compiling thiserror v1.0.30
[INFO] [stderr]    Compiling proc-macro-crate v1.1.0
[INFO] [stderr]    Compiling zvariant_derive v2.10.0
[INFO] [stderr]     Checking futures-executor v0.3.19
[INFO] [stderr]     Checking futures v0.3.19
[INFO] [stderr]     Checking enumflags2 v0.6.4
[INFO] [stderr]     Checking bstr v0.2.17
[INFO] [stderr]     Checking zvariant v2.10.0
[INFO] [stderr]     Checking smithay-clipboard v0.6.5
[INFO] [stderr]     Checking copypasta v0.7.1
[INFO] [stderr]     Checking csv v1.1.6
[INFO] [stderr]     Checking confy v0.4.0
[INFO] [stderr]     Checking glutin v0.28.0
[INFO] [stderr]     Checking egui-winit v0.16.0
[INFO] [stderr]     Checking zbus v1.9.1
[INFO] [stderr]     Checking notify-rust v4.5.5
[INFO] [stderr]     Checking egui_glium v0.16.0
[INFO] [stderr]     Checking eframe v0.16.0
[INFO] [stderr]     Checking wt_custom_lang v1.1.0 (/opt/rustwide/workdir)
[INFO] [stdout] warning: unused import: `notify_rust::Notification`
[INFO] [stdout]  --> src/main.rs:7:5
[INFO] [stdout]   |
[INFO] [stdout] 7 | use notify_rust::Notification;
[INFO] [stdout]   |     ^^^^^^^^^^^^^^^^^^^^^^^^^
[INFO] [stdout]   |
[INFO] [stdout]   = note: `#[warn(unused_imports)]` on by default
[INFO] [stdout] 
[INFO] [stdout] 
[INFO] [stdout] error[E0422]: cannot find struct, variant or union type `PrimitiveEntry` in this scope
[INFO] [stdout]    --> src/lang_manipulation/primitive_lang.rs:110:22
[INFO] [stdout]     |
[INFO] [stdout] 110 |         let entries = vec![PrimitiveEntry {
[INFO] [stdout]     |                            ^^^^^^^^^^^^^^ not found in this scope
[INFO] [stdout]     |
[INFO] [stdout] help: consider importing this struct
[INFO] [stdout]     |
[INFO] [stdout] 108 +     use crate::PrimitiveEntry;
[INFO] [stdout]     |
[INFO] [stdout] 
[INFO] [stdout] 
[INFO] [stdout] error[E0433]: failed to resolve: use of undeclared type `PrimitiveEntry`
[INFO] [stdout]    --> src/lang_manipulation/primitive_lang.rs:117:3
[INFO] [stdout]     |
[INFO] [stdout] 117 |         PrimitiveEntry::replace_all_entries_from_file_re(entries, &mut old_text);
[INFO] [stdout]     |         ^^^^^^^^^^^^^^ use of undeclared type `PrimitiveEntry`
[INFO] [stdout]     |
[INFO] [stdout] help: consider importing this struct
[INFO] [stdout]     |
[INFO] [stdout] 108 +     use crate::PrimitiveEntry;
[INFO] [stdout]     |
[INFO] [stdout] 
[INFO] [stdout] 
[INFO] [stdout] error[E0422]: cannot find struct, variant or union type `PrimitiveEntry` in this scope
[INFO] [stdout]    --> src/lang_manipulation/primitive_lang.rs:124:22
[INFO] [stdout]     |
[INFO] [stdout] 124 |         let entries = vec![PrimitiveEntry {
[INFO] [stdout]     |                            ^^^^^^^^^^^^^^ not found in this scope
[INFO] [stdout]     |
[INFO] [stdout] help: consider importing this struct
[INFO] [stdout]     |
[INFO] [stdout] 108 +     use crate::PrimitiveEntry;
[INFO] [stdout]     |
[INFO] [stdout] 
[INFO] [stdout] 
[INFO] [stdout] error[E0433]: failed to resolve: use of undeclared type `PrimitiveEntry`
[INFO] [stdout]    --> src/lang_manipulation/primitive_lang.rs:131:3
[INFO] [stdout]     |
[INFO] [stdout] 131 |         PrimitiveEntry::replace_all_entries_from_file_str(entries, &mut old_text, true);
[INFO] [stdout]     |         ^^^^^^^^^^^^^^ use of undeclared type `PrimitiveEntry`
[INFO] [stdout]     |
[INFO] [stdout] help: consider importing this struct
[INFO] [stdout]     |
[INFO] [stdout] 108 +     use crate::PrimitiveEntry;
[INFO] [stdout]     |
[INFO] [stdout] 
[INFO] [stdout] 
[INFO] [stdout] error[E0422]: cannot find struct, variant or union type `PrimitiveEntry` in this scope
[INFO] [stdout]    --> src/lang_manipulation/primitive_lang.rs:138:22
[INFO] [stdout]     |
[INFO] [stdout] 138 |         let entries = vec![PrimitiveEntry {
[INFO] [stdout]     |                            ^^^^^^^^^^^^^^ not found in this scope
[INFO] [stdout]     |
[INFO] [stdout] help: consider importing this struct
[INFO] [stdout]     |
[INFO] [stdout] 108 +     use crate::PrimitiveEntry;
[INFO] [stdout]     |
[INFO] [stdout] 
[INFO] [stdout] 
[INFO] [stdout] error[E0433]: failed to resolve: use of undeclared type `PrimitiveEntry`
[INFO] [stdout]    --> src/lang_manipulation/primitive_lang.rs:145:3
[INFO] [stdout]     |
[INFO] [stdout] 145 |         PrimitiveEntry::replace_all_entries_from_file_str(entries, &mut old_text, false);
[INFO] [stdout]     |         ^^^^^^^^^^^^^^ use of undeclared type `PrimitiveEntry`
[INFO] [stdout]     |
[INFO] [stdout] help: consider importing this struct
[INFO] [stdout]     |
[INFO] [stdout] 108 +     use crate::PrimitiveEntry;
[INFO] [stdout]     |
[INFO] [stdout] 
[INFO] [stdout] 
[INFO] [stdout] warning: unused import: `notify_rust::Notification`
[INFO] [stdout]  --> src/main.rs:7:5
[INFO] [stdout]   |
[INFO] [stdout] 7 | use notify_rust::Notification;
[INFO] [stdout]   |     ^^^^^^^^^^^^^^^^^^^^^^^^^
[INFO] [stdout]   |
[INFO] [stdout]   = note: `#[warn(unused_imports)]` on by default
[INFO] [stdout] 
[INFO] [stdout] 
[INFO] [stdout] error: aborting due to 6 previous errors; 1 warning emitted
[INFO] [stdout] 
[INFO] [stdout] 
[INFO] [stdout] Some errors have detailed explanations: E0422, E0433.
[INFO] [stdout] 
[INFO] [stdout] For more information about an error, try `rustc --explain E0422`.
[INFO] [stdout] 
[INFO] [stderr] error: could not compile `wt_custom_lang` (bin "wt_custom_lang" test) due to 7 previous errors; 1 warning emitted
[INFO] [stderr] warning: build failed, waiting for other jobs to finish...
[INFO] [stdout] warning: 1 warning emitted
[INFO] [stdout] 
[INFO] [stdout] 
[INFO] running `Command { std: "docker" "inspect" "9cafaf724ee4b061080648cccaf6e04ec0e5de4213510b7990ddf129e87b796f", kill_on_drop: false }`
[INFO] running `Command { std: "docker" "rm" "-f" "9cafaf724ee4b061080648cccaf6e04ec0e5de4213510b7990ddf129e87b796f", kill_on_drop: false }`
[INFO] [stdout] 9cafaf724ee4b061080648cccaf6e04ec0e5de4213510b7990ddf129e87b796f
